875001
In base 9, what is 128000627 - 2?
128000625
In base 13, what is 1134a592 - 5?
1134a58a
In base 14, what is 1c780 + -4a?
1c734
In base 16, what is 304f4 + -22?
304d2
In base 3, what is -1011 + -11201212010?
-11201220021
In base 6, what is 15 + -134412542?
-134412523
In base 5, what is -32302 - 114110?
-201412
In base 6, what is 142 + 120524035?
120524221
In base 2, what is 11011010011110101011001 + 1000?
11011010011110101100001
In base 4, what is 1102221033013 - -20?
1102221033033
In base 7, what is 66612654 - -111?
66613065
In base 9, what is 37258055 - -5?
37258061
In base 14, what is 1a2bcc - -297?
1a3085
In base 11, what is -360aa - 1132?
-37231
In base 5, what is 224124144014 - 4?
224124144010
In base 11, what is -111 - -1174772?
1174661
In base 9, what is 330 + -150731?
-150401
In base 6, what is 15422031300 - -2?
15422031302
In base 12, what is 23927 + -11aa?
22739
In base 12, what is 17 - 7259a?
-72583
In base 16, what is -6777d5 + 5?
-6777d0
In base 16, what is 8ed - -d18?
1605
In base 11, what is 5 + 35312?
35317
In base 7, what is -1213415033 - -4?
-1213415026
In base 2, what is -110010 - 111011000010101011?
-111011000011011101
In base 4, what is 3232003121220 - 1?
3232003121213
In base 2, what is -1000000001101000 - 11010111100?
-1000011100100100
In base 2, what is -1 - -100100101100010111101000?
100100101100010111100111
In base 12, what is 1 + -25b5a400?
-25b5a3bb
In base 6, what is 1010130 - 150?
1005540
In base 4, what is -10 + -11312100203?
-11312100213
In base 8, what is -141450 - -2305?
-137143
In base 15, what is 186ca8 - -145?
186ded
In base 2, what is 101 + -101111001011111111101110?
-101111001011111111101001
In base 15, what is ecc33b + -b?
ecc330
In base 14, what is -13 - 13d8caa?
-13d8cbd
In base 10, what is -5 - -39588035?
39588030
In base 4, what is -31 - -1212003120?
1212003023
In base 15, what is 54d2 + -29e?
5233
In base 2, what is -101 + -10001000110010000000100?
-10001000110010000001001
In base 16, what is -20c17a + -b?
-20c185
In base 12, what is -5678 - -5095?
-5a3
In base 11, what is -2073a + 116a5?
-a045
In base 15, what is -6148b9 + 6?
-6148b3
In base 10, what is 3265 + -2850?
415
In base 9, what is 45365773 + 3?
45365776
In base 9, what is -23 + -502571?
-502604
In base 12, what is 7063b28 - -3?
7063b2b
In base 2, what is -11100011 + -1100100011011101111?
-1100100011111010010
In base 2, what is -110100110010011000 + -101010000001?
-110101011100011001
In base 2, what is -1000011 + 11110010101010101?
11110010100010010
In base 8, what is 351 + -751267?
-750716
In base 11, what is -4 + 5166845?
5166841
In base 3, what is 1012211112 - 1121001?
1011020111
In base 14, what is -107d738 - 46?
-107d780
In base 3, what is 112100120 - 122000?
111201120
In base 8, what is -406 + 213752?
213344
In base 3, what is -2 + -200022000022201?
-200022000022210
In base 2, what is 11000000010101111100100010 - 111?
11000000010101111100011011
In base 10, what is 1 + -1562980?
-1562979
In base 3, what is 11 + 22001102100112?
22001102100200
In base 9, what is -5215828 - 255?
-5216184
In base 4, what is -10200 + 13112100?
13101300
In base 10, what is 828383 - -279?
828662
In base 14, what is -13a96884 + 2?
-13a96882
In base 4, what is 20223022 + -3013323?
11203033
In base 4, what is -330021202 - 210?
-330022012
In base 12, what is 5 - -132313b?
1323144
In base 11, what is 3a2299 - 44?
3a2255
In base 16, what is 6a34869 - -1?
6a3486a
In base 12, what is 85477 - -278?
85733
In base 2, what is -1010101 + 11011000001100110?
11011000000010001
In base 14, what is -1b + -14a657?
-14a674
In base 14, what is -6 - -10b11d6?
10b11d0
In base 14, what is -482259 - 4?
-48225d
In base 11, what is -4280687 + 66?
-4280621
In base 15, what is 59eae4 + -3?
59eae1
In base 14, what is 27d0a88 + -5?
27d0a83
In base 15, what is -5 + 2610?
260a
In base 9, what is -5002411 - -83?
-5002317
In base 9, what is -5307 - -2166?
-3131
In base 2, what is -111010100110 - 110010101?
-1000000111011
In base 5, what is -23113 - 4433?
-33101
In base 11, what is -487a9 + 194?
-48615
In base 6, what is -1502252 + 4213?
-1454035
In base 4, what is -2000033 + -1210?
-2001303
In base 5, what is -1302000033 + -2?
-1302000040
In base 3, what is -110100012010001 + 2?
-110100012002222
In base 8, what is 41046374 + 4?
41046400
In base 2, what is -10010101101001101100101 - -1010?
-10010101101001101011011
In base 14, what is 5d1d01a1 + 2?
5d1d01a3
In base 16, what is 4 - -a13d60a?
a13d60e
In base 10, what is -132839 + 234?
-132605
In base 13, what is 1 - -7c82704?
7c82705
In base 8, what is 325 + 701741?
702266
In base 7, what is -136411 - 2246?
-141660
In base 2, what is 10101100010111 - -100110?
10101100111101
In base 2, what is -10000000011001110101000001 - 0?
-10000000011001110101000001
In base 15, what is 85c3 - -1000?
95c3
In base 10, what is -84883281 - 2?
-84883283
In base 8, what is 7363 - -10441?
20024
In base 7, what is 15422320 - 4?
15422313
In base 8, what is -1203741 + -5725?
-1211666
In base 6, what is 3014 + -1013522?
-1010504
In base 5, what is 423312412 + 4?
423312421
In base 6, what is -1542420 - 122?
-1542542
In base 14, what is -15066 - 419?
-15481
In base 2, what is -1010101000 + 100010110111011110?
100010101100110110
In base 5, what is -3 + -240131311?
-240131314
In base 5, what is 41030 - 101?
40424
In base 13, what is 6959403 + 0?
6959403
In base 6, what is 3 - 32330252523?
-32330252520
In base 3, what is 1111011010 - -2121022?
1120202102
In base 14, what is -1c3a6 - -478?
-1bd2c
In base 11, what is -22a25 - 11a?
-23044
In base 12, what is 10a436 - -576?
10a9b0
In base 11, what is 9 + a27755?
a27763
In base 6, what is 2233 + -15040532?
-15034255
In base 11, what is -20634a + -a?
-206359
In base 14, what is -100 - -70a7c?
7097c
In base 10, what is -607164 - 79?
-607243
In base 3, what is -10021002 - 2012220011?
-2100011020
In base 16, what is 4 + -8f687d?
-8f6879
In base 14, what is -a37 - -9603c?
95405
In base 2, what is 111101001110001 - 10101110000001?
100111011110000
In base 5, what is -2213102104 - 4?
-2213102113
In base 8, what is 462524 + 55?
462601
In base 9, what is 17374173 - 3?
17374170
In base 3, what is -1100002 + 111101?
-211201
In base 3, what is -10112112101221112 + -11?
-10112112101221200
In base 15, what is -b - 93b6?
-93c2
In base 10, what is -1205 - -5814?
4609
In base 8, what is 4566063644 - 0?
4566063644
In base 3, what is -2012 - 1000212122020?
-1000212201102
In base 3, what is -112 + -22000012022?
-22000012211
In base 9, what is -3 - -21841720?
21841716
In base 6, what is -42230 + 1321335?
1235105
In base 9, what is 253 - 1334082?
-1333728
In base 9, what is -5754 + 153608?
146744
In base 16, what is -8b62b1 + b?
-8b62a6
In base 10, what is -12967 - -12315?
-652
In base 5, what is 103110 - -22002422?
22111032
In base 9, what is 1 - -5676011?
5676012
In base 16, what is 1afe + 134e?
2e4c
In base 13, what is b - -2396c32?
2396c40
In base 8, what is 113 + -550537?
-550424
In base 5, what is -102 + 24333040?
24332433
In base 13, what is -23b992c4 + 2?
-23b992c2
In base 14, what is -5140dbd + 0?
-5140dbd
In base 2, what is -100100110 - -1110000100100010?
1101111111111100
In base 11, what is 10717 - -505?
11121
In base 6, what is 0 + -404542335?
-404542335
In base 11, what is 6a489a4 + 3?
6a489a7
In base 6, what is 1042121302 - 43?
1042121215
In base 2, what is -10101 + 100011000110000111?
100011000101110010
In base 16, what is 556f0 + 2cb?
559bb
In base 9, what is 1244561 + 13?
1244574
In base 4, what is -1101 + 310122100?
310120333
In base 5, what is 12 - -302312343?
302312410
In base 3, what is 222020001102 - -1220?
222020010022
In base 13, what is 29a46a - 1?
29a469
In base 5, what is 2 - -3120310420?
3120310422
In base 9, what is -38088180 - -2?
-38088177
In base 8, what is -1 + -251624010?
-251624011
In base 11, what is 3250272 + 45?
3250307
In base 14, what is 5 + -432a787?
-432a782
In base 3, what is -12011110 + -10020020?
-22101200
In base 13, what is 5 - -173322b?
1733233
In base 12, what is 42a49 - -64?
42ab1
In base 11, what is 46 + 2434410?
2434456
In base 11, what is -765595 - -59?
-765537
In base 4, what is 303 - 221201023?
-221200120
In base 14, what is 3389 + 718?
3aa3
In base 2, what is 101 + 11101010011101011001100